 c. Let t(u) = u**3 + 3*u**2 + 2*u. Give t(r).
-6
Let h(d) = 15*d**3 + d - 1. Let r(a) = -a + 2. Let n be r(1). What is h(n)?
15
Let q(v) = -7*v**3 + v**2 + 2*v - 1. Let y(r) = -r**3 + r. Let d(m) = -q(m) + 2*y(m). Suppose -2*p + 1 = -3*p. Calculate d(p).
-5
Let o be (-103)/(-4) + 9/(-12). Suppose 18 = 5*l + 2*b, -5 = 5*b - o. Let x(a) = -5*a. Give x(l).
-10
Suppose -6 = -4*u + 10. Let s(h) = h**3 - 5*h**2 + 2*h + 4. Let a(m) = 1. Suppose c = 5*y - 23, 7*c = 2*c + 2*y. Let n(d) = c*a(d) - s(d). What is n(u)?
6
Let g(y) = -7*y - y**2 + 0*y**2 - y**2 + y**2. Calculate g(-6).
6
Suppose b - 4*b = -3*s, 4*b = -2*s. Let w(f) be the third derivative of f**5/60 - 4*f**3/3 + 9*f**2. Determine w(b).
-8
Let v(f) = f**2 - 6*f - 2. Let i be v(7). Let g(x) = -2 + 12 - x**3 - 3 + i*x**2 - 2*x. Suppose 0 = -3*u - u + 20. What is g(u)?
-3
Suppose 4*j = -8 - 12. Let b(l) = 2*l - 3. Determine b(j).
-13
Let v(t) = t**3 + t - 2*t**3 - 2*t - 5 - t + 5*t**2. Calculate v(4).
3
Suppose -11*r + 3*r = 32. Let u(t) = -t + 5. Give u(r).
9
Let y(m) = -5*m. Let l(r) = r**2 + 9*r + 4. Let a be l(-9). Let w = 3 - a. Determine y(w).
5
Let x be (3 - 1)/((-6)/12). Let z(b) = -b**3 - 4*b**2 - 2*b + 3. Give z(x).
11
Let k be (-7 + -2)/3 + 8. Let j(h) = -h**2 + 7*h - 1. Determine j(k).
9
Let u be -2*-3*(-6)/(-9). Let w = -1 + 3. Let p(v) = -1 - v**2 + 2*v**w + 4 - 5*v. Determine p(u).
-1
Suppose 4*d = d + 6. Suppose 5*t - d*t = 12. Let n(l) be the second derivative of l**3/6 - 3*l**2 - 5*l. What is n(t)?
-2
Let n(b) = b + 1. Let g(k) = 3*k + 2. Let o(p) = g(p) + 4*n(p). Let x(s) = -s - 1. Let j(v) = -o(v) - 6*x(v). Give j(3).
-3
Let r(g) = 2*g**2 - 6*g - 2*g + 8 - g**2. Give r(6).
-4
Suppose -6 = -3*b - 2*w - 0, 2*b - 3*w = -9. Let k(z) be the third derivative of 1/6*z**3 - 1/30*z**5 + b + 1/6*z**4 + 0*z - z**2. Give k(3).
-5
Let r(b) be the third derivative of -5*b**4/24 - 7*b**3/6 + b**2. Let x(u) = -9*u - 14. Let y(f) = -5*r(f) + 3*x(f). Let z be (-1)/(3/15 - 0). Give y(z).
3
Let s(j) = 9*j**2 + 15*j + 9. Let c(l) = 5*l**2 + 8*l + 5. Let n(d) = 5*c(d) - 3*s(d). Let h = 72 + -75. Give n(h).
-5
Let s(k) = k**3 + 2*k**2 + 3*k. Suppose 5*d + l + 15 = 0, -5*d + 2*l + 0*l - 15 = 0. Give s(d).
-18
Let u(r) = -r + 4. Suppose 4*l - 31 + 15 = 0. Determine u(l).
0
Let d(q) = -2*q - 9. Suppose 0 + 10 = 2*t - 2*n, 4 = -2*n. Suppose -9 = -3*j, 0 = -2*f + 4*f + 5*j - t. Determine d(f).
3
Let o(v) = v**3 - 9*v**2 + 8*v + 3. Let j(u) = u**3 - 7*u**2 - u - 4. Let q be j(7). Let f = 19 + q. What is o(f)?
3
Let s = -6 + 24. Let a = 24 - s. Let k(o) = o**2 - 6*o + 3. Calculate k(a).
3
Let l(a) be the first derivative of -a**2 + 1. Let w = -2 - -2. Suppose -2*i + 0*i - 4 = w. What is l(i)?
4
Suppose -d = 2*t - 3, -d - 4*t + 4 = 3. Let s(f) = -f + 9. Determine s(d).
4
Let v(y) = y**2 + 4*y - 3. Let s be v(-6). Let i = -7 + s. Let o(c) = 4*c**2 + 3*c**3 - 5*c**3 + 5*c + 3*c**3 + i. Calculate o(-3).
-4
Let a(t) be the third derivative of -t**5/60 + 5*t**4/24 - t**3/2 + 5*t**2. What is a(5)?
-3
Suppose 54 = 3*k - 5*m, 0*m = k + 3*m - 4. Let w = 7 - 4. Suppose -3 = h + x, -4*x - k = w*h - 0. Let g(s) = -2*s**2 - s + 1. Determine g(h).
-2
Let t(d) = 6*d + 1. Let z(w) = w. Let f be z(6). Let j be (-2)/f - 8/12. Calculate t(j).
-5
Let l(i) = 5*i**2 - 5*i**2 + i**2. Let y be 1 - (0 + (8 - 4)). Determine l(y).
9
Let r(g) = g**3 + 6*g**2 + 5*g - 7. Let a be r(-4). Let j(k) be the second derivative of -k**4/12 + 2*k**3/3 - 3*k**2/2 + 2*k. What is j(a)?
-8
Let y(n) = -5*n**2 + 11*n - 3. Let p(a) = 14*a**2 - 32*a + 9. Let b(v) = 3*p(v) + 8*y(v). Give b(5).
13
Suppose -5*z - 25 + 0 = 0. Let b = -3 - z. Let j(g) = -b*g - 4 + 3 - 5. Determine j(-5).
4
Let n(s) be the second derivative of s**4/12 - 7*s**3/6 + s**2/2 - 8*s. Determine n(6).
-5
Let b(s) = -5*s**2 - 151 - 158 + 310 + 3*s + 2*s**3. Determine b(3).
19
Let l be 6/(-4)*(-5 + 1). Let m(i) = -i - l + 3 - 3. Determine m(-3).
-3
Let q(b) = -1 - 4*b - 2*b**2 + 3*b**2 + 2. Let f(l) = 2*l**2 - 14*l - 8 + 2*l - l**2. Let x be f(13). Calculate q(x).
6
Let n(u) = -u**2 - 10*u - 11. Suppose 0 = 23*q - 24*q - 9. Determine n(q).
-2
Suppose 0 = -b - 2*m - 1, 5*b - b - m = -22. Let n(i) = -2*i**2 - 3*i - 11. Let z(c) = -c**2 - 2*c - 5. Let p(y) = b*z(y) + 2*n(y). Give p(-4).
3
Let s(z) = z - 1. Let o(x) = -x**2 - 5*x + 4. Let u(f) = o(f) + 5*s(f). Calculate u(-1).
-2
Let f(q) be the second derivative of q**4/12 + 2*q**3/3 + q**2/2 + 2*q. Suppose -5 = -2*z + 5. Suppose -2*p + 0*p - 23 = -z*s, -2 = -p - 2*s. What is f(p)?
1
Let a(x) = -2*x**2 - x + 1. Suppose 5*g - j + 13 = 0, -2*g - 1 - 12 = -3*j. Determine a(g).
-5
Suppose -4*y - 75 = -9*y. Let x = 5 - y. Let w = -6 - x. Let l(h) = h**2 - 4*h - 2. Calculate l(w).
-2
Let d(m) = m**3 + 5*m**2 + 3*m. Let w be d(-4). Let y(g) = -g**3 + 4*g**2 - 2*g. Give y(w).
-8
Let j be 8*20/(-32)*-2. Let b(q) = -q**2 + 9*q + 7. Give b(j).
-3
Let i(v) = v**3 + 4*v**2 + 5*v + 4. Let s be i(-3). Let m be 2/(24/(-10) - s). Let n(d) = d + 6. Give n(m).
1
Let q(t) = -38*t - 6. Let j(z) = -13*z - 2. Let w(b) = 17*j(b) - 6*q(b). What is w(2)?
16
Suppose 0*x - 5*t = 2*x + 15, -4*x + 4*t = -40. Let d be 30/(-12)*6/(-5). Let y(c) = 4*c - d*c + 8 + 3*c - 5*c. Give y(x).
3
Let z(f) = -11*f + 3*f + 4*f**2 - 3*f**2 + 2. Give z(8).
2
Let x(a) = a**2 - a + 5. Let l(s) = -s + 4. Let g be l(0). Let z(b) = -b - 1. Let y(h) = g*z(h) + x(h). Give y(5).
1
Let t(l) = -l**3 + 5*l**2 - 4*l. Suppose -12 = -3*w - 0*w - 3*s, 0 = -2*w + 2*s + 8. What is t(w)?
0
Let q(w) = 3*w**3 + w**2 - w. Suppose -y + 3*v - 1 = v, v = y. Let h be q(y). Suppose z + h*z = 2*s + 12, 4 = 4*z. Let b(d) = -d**2 - 6*d - 6. What is b(s)?
2
Let l(r) be the third derivative of 1/6*r**4 - r**2 + 0 + 0*r + 1/120*r**6 - 1/10*r**5 + 5/6*r**3. What is l(5)?
0
Suppose -2*z + 3 = -1. Let s(o) = 1 - o**3 + 3*o - 2*o**2 + 5*o**z - 2. Give s(3).
8
Let v = -8 + 13. Let b(a) = 5*a**3 + 4*a**2. Let t(d) = -d**3 + d - 1. Let y(l) = -b(l) - 6*t(l). Let m be y(v). Let q(x) = -2*x**2 + 1. Calculate q(m).
-1
Let d(u) = -u**2 - 7. Suppose -f + 3*f = 3*f. Give d(f).
-7
Suppose 2*t - 5*t = -39. Let v(u) = -24*u**2 + 4*u - 3*u + 12*u**2 + t*u**2 - 11. Give v(0).
-11
Let r be (-1 - 0) + -2 + -1. Let f = 17 + -12. Let k(x) = 2*x + x + f + 1. Determine k(r).
-6
Suppose 3*h - 5*c - 47 = 0, 4*h - 4*c = 53 - 1. Let o(u) = 11*u - 10. Let n(m) = 5*m - 5. Let v(l) = h*n(l) - 4*o(l). Determine v(-6).
-11
Let k(n) = -n**2 + 5*n + 1. Let i be (-27)/(-6) - (-1)/2. Let b be k(i). Let a(d) = 1 + 2*d - b - d**2 + 2*d. Determine a(5).
-5
Let v(x) = -25*x + 3. Let k be v(0). Suppose -6*n + n = -25. Let f(b) = -n*b - b**3 + 7 + 0*b - 3 + 4*b**2. Determine f(k).
-2
Suppose 7*x - 6 = 4*x. Let j = 5 - x. Let c = j + -3. Let k(v) = -v**3 - v - 1. Give k(c).
-1
Let h(x) be the second derivative of 5*x**3/6 - x**2/2 - 2*x. Let u(l) = -16*l + 4. Let z(n) = 7*h(n) + 2*u(n). Let t be (1 + 9/(-3))/(-1). What is z(t)?
7
Let d be 8*((-6)/(-4))/(-3). Let k(g) = g**3 - 5*g**2 + 6*g - 6. Let m be k(4). Let c(n) = -n**m - 2 - 1 - 2*n + 5. Give c(d).
-6
Let s = -62 + 62. Let y(a) = -a**3 + a - 2. Determine y(s).
-2
Let n be 8/6 - (-88)/(-12). Let w(s) = -s**2 - 5*s - 5. Determine w(n).
-11
Suppose -5*r = -q, 0*q - 10 = -q - 5*r. Suppose 2*a - 4*g = 8, -g = 2*a - 2*g - q. Let k(j) = 6*j - 2 - 3*j - j**a - j**2. Determine k(2).
-4
Suppose 1 - 5 = 2*c. Let h(i) be the first derivative of -i**2 - 3*i + 3. What is h(c)?
1
Let o = 17 + -19. Let w(a) = -4*a**3 - 2*a**2 + 2*a + 2. Determine w(o).
22
Let a(f) be the first derivative of 0*f**2 + 1/3*f**3 + 5/24*f**4 + 1 + 0*f - 1/120*f**5. Let d(k) be the third derivative of a(k). What is d(4)?
1
Suppose 0 - 5 = r. Suppose -4*u = 5*l + 4, -2*l + l = -3*u - 22. Let i be (-17)/r - u/(-15). Let a(z) = -z**2 + 5*z - 3. What is a(i)?
3
Let c(l) be the third derivative of 1/120*l**6 + 6*l**2 + 0 + 1/10*l**5 + 1/8*l**4 + 0*l + l**3. Give c(-6).
-12
Let f(r) = 20*r**3 - r. Let a be f(1). Suppose -2*i + a = -3*o, -2*i - 2*i = 4*o + 12. Let k(b) = b**2 + 6*b - 3. Give k(o).
-8
Suppose 8*p - 2*a + 10 = 3*p, 20 = 4*a. Let f be 0 - 1 - (-5 - 0). Let b(r) = 3 + 2*r - 5*r**3 + f*r**3 - 3*r. Calculate b(p).
3
Let g(a) = 14 - 9 - 4 - a. What is g(-6)?
7
Let u(x) = x. Let g be 2/(-9) - (-170)/(-45). What is u(g)?
-4
Let a(y)